NOAA-Style Climate Reports

Select a Year or Month report
2020: Jan Feb Mar Apr May Jun Jul Aug Sep Oct Nov Dec

Report for 2020 September
                   Monthly Climatological Summary for set 2020

Name: MeteoLanciano   City: Lanciano   State: Italy
Elevation: 248 m  Lat: N 42° 15' 06"   Lon: E 014° 24' 06"

                  Temperature (°C), Rain (mm), Wind Speed (km/h)

                                      Heat  Cool        Avg
    Mean                              Deg   Deg         Wind                 Dom
Day Temp  High   Time   Low    Time   Days  Days  Rain  Speed High   Time    Dir
----------------------------------------------------------------------------------
 1  20,0  23,2   12:41  16,0   03:21   0,3   2,0   0,0   7,1  39,0   00:12     N
 2  20,6  23,4   11:59  17,9   03:42   0,0   2,3   0,0   5,6  37,0   14:19   NNE
 3  21,1  24,2   12:46  19,0   05:29   0,0   2,8   0,0   5,3  28,0   14:45     N
 4  21,2  25,5   14:00  18,3   05:43   0,0   2,9   0,0   7,6  30,0   10:51    NW
 5  22,5  26,9   12:23  19,4   06:05   0,0   4,2   0,0   7,8  36,0   16:32    NW
 6  23,6  27,3   11:57  20,9   23:25   0,0   5,3   0,0   5,4  36,0   14:01     E
 7  22,8  26,3   12:40  20,1   06:15   0,0   4,5   0,0   4,9  28,0   09:42     N
 8  22,2  25,6   12:40  19,6   04:44   0,0   3,9   0,0   6,8  32,0   14:56    NW
 9  22,2  25,9   11:39  19,5   06:29   0,0   3,9   0,0   6,0  39,0   15:16    NE
10  23,2  27,4   10:23  20,6   06:58   0,0   4,9   0,0   4,9  24,0   15:23   NNE
11  23,3  27,1   15:18  20,6   22:44   0,0   5,0   0,0   6,2  22,0   10:16   NNW
12  22,9  26,2   14:01  20,3   04:03   0,0   4,6   0,0   7,0  24,0   10:07    NW
13  24,2  27,0   14:55  21,9   06:25   0,0   5,9   0,0   7,5  22,0   11:55    NW
14  24,1  26,8   14:55  21,8   06:55   0,0   5,8   0,0   8,1  21,0   00:25    NW
15  23,5  26,2   12:26  21,5   21:26   0,0   5,2   0,0   6,1  18,0   11:56    NW
16  23,1  26,6   12:26  20,9   02:26   0,0   4,7   0,0   5,7  17,0   12:26    NW
17  23,8  26,6   12:06  21,8   21:59   0,0   5,5   0,0   7,4  26,0   13:27    NW
18  22,9  26,1   14:23  20,0   23:05   0,0   4,6   0,0  10,8  36,0   09:35    NW
19  20,9  24,5   11:53  18,4   06:22   0,0   2,6   0,0   6,1  22,0   13:12   NNW
----------------------------------------------------------------------------------
    22,5  27,4    10    16,0     1     0,3  80,6   0,0   6,6  39,0     1     NNW

Max >=  27,0:  4
Max <=   0,0:  0
Min <=   0,0:  0
Min <= -18,0:  0
Max Rain: 0,0 on day 0
Days of Rain: 0 (>= 0,2 mm)  0 (>= 2,0 mm)  0 (>= 20,0 mm)
Heat Base: 18,3  Cool Base: 18,3  Method: Integration